{"id":15,"date":"2021-06-09T23:34:24","date_gmt":"2021-06-10T02:34:24","guid":{"rendered":"https:\/\/listadedicas.com\/?page_id=15"},"modified":"2021-06-09T23:34:24","modified_gmt":"2021-06-10T02:34:24","slug":"termos-de-uso","status":"publish","type":"page","link":"https:\/\/casacapsulas.com.br\/?page_id=15","title":{"rendered":"Termos de Uso"},"content":{"rendered":"<p>1. Termos de Uso Ao acessar ao site, concorda em cumprir estes termos de servi\u00e7o, todas as leis e regulamentos aplic\u00e1veis \u200b\u200be concorda ser respons\u00e1vel pelo cumprimento de todas as leis locais aplic\u00e1veis.<\/p>\n<p>Se voc\u00ea n\u00e3o concordar com algum desses termos, est\u00e1 proibido de usar ou acessar este site.<\/p>\n<p>Os materiais contidos neste site s\u00e3o protegidos pelas leis de direitos autorais e marcas comerciais aplic\u00e1veis.<\/p>\n<p>2. Uso de Licen\u00e7a \u00c9 concedida permiss\u00e3o para baixar temporariamente uma c\u00f3pia dos materiais (informa\u00e7\u00f5es ou \u201csoftware\u201d) no site, apenas para visualiza\u00e7\u00e3o transit\u00f3ria pessoal e n\u00e3o comercial.<\/p>\n<p>Esta \u00e9 a concess\u00e3o de uma licen\u00e7a, n\u00e3o uma transfer\u00eancia de t\u00edtulo e, sob esta licen\u00e7a, voc\u00ea n\u00e3o pode:\u00a0 modificar ou copiar os materiais;\u00a0 usar os materiais para qualquer finalidade comercial ou para exibi\u00e7\u00e3o p\u00fablica (comercial ou n\u00e3o comercial);\u00a0 tentar descompilar ou fazer engenharia reversa de qualquer software contido no site;\u00a0 remover quaisquer direitos autorais ou outras nota\u00e7\u00f5es de propriedade dos materiais; ou\u00a0 transferir os materiais para outra pessoa ou &#8216;espelhe&#8217; os materiais em qualquer outro servidor.<\/p>\n<p>Esta licen\u00e7a ser\u00e1 automaticamente rescindida se voc\u00ea violar alguma dessas restri\u00e7\u00f5es e poder\u00e1 ser rescindida pelo site a qualquer momento. Ao encerrar a visualiza\u00e7\u00e3o desses materiais ou ap\u00f3s o t\u00e9rmino desta licen\u00e7a, voc\u00ea deve apagar todos os materiais baixados em sua posse, seja em formato eletr\u00f4nico ou impresso.<\/p>\n<p>3. Isen\u00e7\u00e3o de responsabilidade Os materiais no site s\u00e3o fornecidos &#8216;como est\u00e3o&#8217;. Nosso Web Site n\u00e3o oferece garantias, expressas ou impl\u00edcitas, e, por este meio, isenta e nega todas as outras garantias, incluindo, sem limita\u00e7\u00e3o, garantias impl\u00edcitas ou condi\u00e7\u00f5es de comercializa\u00e7\u00e3o, adequa\u00e7\u00e3o a um fim espec\u00edfico ou n\u00e3o viola\u00e7\u00e3o de propriedade intelectual, ou outra viola\u00e7\u00e3o de direitos.<\/p>\n<p>Al\u00e9m disso, o portal n\u00e3o garante ou faz qualquer representa\u00e7\u00e3o relativa \u00e0 precis\u00e3o, aos resultados prov\u00e1veis \u200b\u200bou \u00e0 confiabilidade do uso dos materiais em seu site, ou de outra forma relacionado a esses materiais, ou em sites vinculados a este site.<\/p>\n<p>4. Limita\u00e7\u00f5es Em nenhum caso o site ou seus fornecedores ser\u00e3o respons\u00e1veis \u200b\u200bpor quaisquer danos (incluindo, sem limita\u00e7\u00e3o, danos por perda de dados ou lucro, ou devido \u00e0 interrup\u00e7\u00e3o dos neg\u00f3cios) decorrentes do uso ou da incapacidade de usar os materiais no Portal, mesmo que o site ou um representante autorizado do Portal tenha sido notificado oralmente, ou por escrito da possibilidade de tais danos.<\/p>\n<p>Como algumas jurisdi\u00e7\u00f5es n\u00e3o permitem limita\u00e7\u00f5es em garantias impl\u00edcitas, ou limita\u00e7\u00f5es de responsabilidade por danos consequentes, ou incidentais, essas limita\u00e7\u00f5es podem n\u00e3o se aplicar a voc\u00ea. 5. Precis\u00e3o dos materiais Os materiais exibidos no site podem incluir erros t\u00e9cnicos, tipogr\u00e1ficos ou fotogr\u00e1ficos. O site n\u00e3o garante que qualquer material em seu site seja preciso, completo ou atual.<\/p>\n<p>N\u00f3s podemos fazer altera\u00e7\u00f5es nos materiais contidos em seu site a qualquer momento, sem aviso. No entanto, n\u00e3o nos comprometemos a atualizar os materiais.<\/p>\n<p>6. Links do site n\u00e3o analisou todos os sites vinculados ao seu site e n\u00e3o \u00e9 respons\u00e1vel pelo conte\u00fado de nenhum site vinculado. A inclus\u00e3o de qualquer link n\u00e3o implica endosso por nosso site. O uso de qualquer site vinculado \u00e9 por conta e risco do usu\u00e1rio.<\/p>\n<p>Modifica\u00e7\u00f5es no portal pode revisar estes termos de servi\u00e7o do site a qualquer momento, sem aviso. Ao usar este site, voc\u00ea concorda em ficar vinculado \u00e0 vers\u00e3o atual desses termos de servi\u00e7o.<\/p>\n<p>Lei aplic\u00e1vel Estes termos e condi\u00e7\u00f5es s\u00e3o regidos e interpretados conforme as leis do Web Site e voc\u00ea se submete irrevogavelmente \u00e0 jurisdi\u00e7\u00e3o exclusiva dos tribunais naquele estado ou localidade.<\/p>\n","protected":false},"excerpt":{"rendered":"<p>1. Termos de Uso Ao acessar ao site, concorda em cumprir estes termos de servi\u00e7o, todas as leis e regulamentos aplic\u00e1veis \u200b\u200be concorda ser respons\u00e1vel pelo cumprimento de todas as leis locais aplic\u00e1veis. Se voc\u00ea n\u00e3o concordar com algum desses termos, est\u00e1 proibido de usar ou acessar este site. Os materiais contidos neste site s\u00e3o [&hellip;]<\/p>\n","protected":false},"author":2,"featured_media":0,"parent":0,"menu_order":0,"comment_status":"closed","ping_status":"closed","template":"","meta":{"footnotes":""},"class_list":["post-15","page","type-page","status-publish","hentry"],"_links":{"self":[{"href":"https:\/\/casacapsulas.com.br\/index.php?rest_route=\/wp\/v2\/pages\/15","targetHints":{"allow":["GET"]}}],"collection":[{"href":"https:\/\/casacapsulas.com.br\/index.php?rest_route=\/wp\/v2\/pages"}],"about":[{"href":"https:\/\/casacapsulas.com.br\/index.php?rest_route=\/wp\/v2\/types\/page"}],"author":[{"embeddable":true,"href":"https:\/\/casacapsulas.com.br\/index.php?rest_route=\/wp\/v2\/users\/2"}],"replies":[{"embeddable":true,"href":"https:\/\/casacapsulas.com.br\/index.php?rest_route=%2Fwp%2Fv2%2Fcomments&post=15"}],"version-history":[{"count":0,"href":"https:\/\/casacapsulas.com.br\/index.php?rest_route=\/wp\/v2\/pages\/15\/revisions"}],"wp:attachment":[{"href":"https:\/\/casacapsulas.com.br\/index.php?rest_route=%2Fwp%2Fv2%2Fmedia&parent=15"}],"curies":[{"name":"wp","href":"https:\/\/api.w.org\/{rel}","templated":true}]}}